ulate 23 + -27 + (9 - 3) + -1 + 9 - -27.
37
What is -1 - 11 - (13 + (1 - -11) - 1)?
-36
What is the value of -1 + 11 + (15 - (18 - 8)) - -6?
21
What is 40 + (-25 - 64) - (-2 - 23)?
-24
Calculate -1899 + 1826 + (-6 - 1 - 15).
-95
What is -2272 - -2265 - (37 - (4 + -3))?
-43
Evaluate 4567 - 4638 - (-64 - 1).
-6
Calculate -4 + 2 + -1 - (-486 - -529).
-46
What is 2 + -1 + (107 - 114) + -9 + 1?
-14
What is the value of 1 + -85 + (1 - (-23 + 6 + 29))?
-95
Calculate -22 + 2 + -12 + (0 - -19) + 1.
-12
126 - 124 - (7 - (-2 + (8 - 4))) - 66
-69
What is the value of -54 + -271 + 316 - (-65 - (2 + -3) - 1)?
56
(4 - (0 - 1)) + (1333 - 1264)
74
Calculate 20 - ((19 - (5 - -13)) + -15).
34
What is the value of 276 + -288 + (113 - 18)?
83
Calculate 1 + -18 + (29 - (25 + -6)).
-7
0 + 21 - (14 - (8 + 5 - 7 - -6))
19
Evaluate 92 + -100 + 56 + -1.
47
-2 - (4 + (10 - ((-2 - -6) + 6 - -11)))
5
What is -31 - (19 + -27 + (32 - 9)) - 5?
-51
What is 39 + (10 + -20 + 2 - 61)?
-30
Evaluate 138 + (59 - 263) + -46 + 2.
-110
Calculate (-2 + -16 - (307 - 296)) + 33.
4
Calculate 9 - (27 + 0 + (3 + (-10 - 2) - 4)).
-5
Calculate (-87 - -71) + 9 + 1 + 48.
42
Calculate -25 + (-115 - -31) + (-2 - -19 - 3).
-95
-36 + 1 - (-3652 - -3651)
-34
Evaluate 1 + -2 - (-35 - 84 - -82).
36
Calculate (9 - 1 - (13 - 8)) + -5 - -45.
43
Evaluate (-5 - 2) + -3 + 4 + 140 - (-138 + 128).
144
(-11 + 14 + 13 - 67) + -11
-62
Evaluate (2 - (23 - 44)) + -46 - -9 - -131.
117
What is the value of -1 - 8 - (-1 - (-38 - -75))?
29
Evaluate 77 + 66 + -29 + -6.
108
What is 3 - -55 - ((-1 - -11) + 260 + -268 + -15)?
71
Calculate -4 - (9 + 6) - (-17 + -24 - -25).
-3
Calculate 117 + 1 + (-2636 - -2530).
12
(2 - -39) + -79 - (5 + -22)
-21
Evaluate 1 + 41 + (-7 - (-13 - 27 - -34)).
41
Evaluate ((-41 - -13) + 117 - 49) + (9 - 0).
49
Evaluate (10 + (9 - (-10 + 32)) - 13) + -14.
-30
What is the value of -80 - (-11 + 9) - 2 - (-21 - -6)?
-65
Evaluate -14 + 16 + (78 - (-13 - -18 - 21)).
96
What is the value of 20 - -100 - 14 - (2 - (9 + 5))?
118
What is the value of -8 - (-219 + 225 + 5 + -21)?
2
What is -35 - ((11 - ((4 - -4) + 4)) + 16)?
-50
What is 7 - 50 - (-149 - -135)?
-29
Calculate 18 - (13 + (-24 - 2 - -10) + -14).
35
What is the value of -1 + (1 - -97) - (20 + 317 + -323)?
83
What is (13 + -28 - (2 + 1)) + (1457 - 1456)?
-17
What is the value of (-25 + -12 + 21 - (14 - 84)) + 4?
58
What is the value of -55 - -150 - ((2 - 2) + 36)?
59
Calculate 9 + -3 - -10 - (-31 - (-72 + 10)).
-15
(9 - 5) + -8 - (-72 - -29)
39
169 + -27 + -42 + 13 + 22
135
What is -86 + 4 + (-2148 - -2144)?
-86
Calculate 186 + -86 - (-15 - -49).
66
What is 15 + 1 + -19 + -32 + 26?
-9
What is the value of -18 + (-3 - 8 - (5 + -12))?
-22
Evaluate 63 + 2 + (48 - -27) + -44.
96
9 + -3 + -2 + 11 + -4 - (30 - 91)
72
What is (92 - 104) + (-1 - (9 + -4 + -3))?
-15
What is the value of -4 - (-7 + 0 + (-17 - -29 - -1)) - 19?
-29
What is -16 + (-32 - -17 - -24) - (5 + -11)?
-1
What is the value of -1 + (2 - 34) + 333 + -354?
-54
What is (1 + (3 - -7) + -14 - (-4 + 1)) + -47?
-47
What is the value of -11 - (66 + -5 + 4 - 9 - -10)?
-77
Evaluate -1 - 1 - -133 - (10 + 40 + -29 - 6).
116
What is 5 + 5 + -8 + 5 + 33?
40
What is the value of 1 + -48 - (495 + -235 - 231)?
-76
What is the value of 4 + (5 - 4) + (-9 - (0 + -66)) + -10?
52
What is the value of -15 - (48 - 23) - -76?
36
What is 16 - (38 + -32 - (-10 + 7)) - 38?
-31
What is the value of 47 - (49 + (104 - 44))?
-62
Evaluate -10 - (489 + -448 - ((0 - 0) + -4)) - 5.
-60
Calculate 3 + 4 + 4 + 0 + -29 + 19.
1
What is -120 - (-482 - -82 - -129)?
151
Calculate -76 - (144 + -194) - -42.
16
What is (-3 - (7 + -7 + 2)) + (5 - (4 + -17))?
13
What is -3 + (1 - -18) + (-1 - (86 - 78))?
7
Evaluate 1 + 5 + -16 - (-24 + -6 + -2 + 14).
8
Evaluate 4 + (0 - 26) + (-7 - (25 - 18 - 8)).
-28
-2786 - -2854 - (-10 + (1 - 2) + 4)
75
(45 - 127 - -52) + 19
-11
What is the value of -64 + 4 + 30 + 7?
-23
Evaluate -10 + 3 + 9 + 149 + -200.
-49
(-56 - -23) + 11 - (23 - 19 - (1 + 12))
-13
Evaluate -3652 + 3690 - (0 + 57).
-19
-50 + 54 - (50 - (-10 + (-7 - -14)))
-49
Evaluate -18 - (4 + -7) - (29 + -77 - -52).
-19
Calculate 13 - (-37 + (1 - (6 + -21))).
34
What is ((-47 - -53) + -7 + 0 - 44) + -8 + 3?
-50
What is 10 + (-13 - (10 - (1 + -1 + -6)) - -12)?
-7
Calculate 26 + (0 - -2) - (566 + -547) - -29.
38
What is the value of 14 + 14 + -5 + (7 - 2)?
28
(-14 - -3) + 68 + (-14 - 2)
41
89 - ((-13 - -141) + -4)
-35
What is -11 + (89 - 59) + (-77 - 1)?
-59
Evaluate (-1 - (2 + -33) - (-149 + 158)) + 13.
34
80 + -51 + 28 - (-1 - (2 - (0 - -6)))
54
Evaluate -116 + -34 + 193 - -26.
69
Calculate (-2 - -3) + 0 - (-9 - (-5 - 10) - -35).
-40
What is -10 + 111 + (-27 + (2 - -12) - 3)?
85
What is the value of -76 - 1 - (10 - (19 - (-28 + 27))) - 0?
-67
(28 + (-32 - -31) - 10) + 32
49
Calculate 74 + -95 - ((-94 - -10) + 20).
43
8 - ((-25 - -62 - 51) + -27)
49
Calculate 0 + (3 - -9) + (-1349 - -1346).
9
(-14 - 0) + 0 + -783 + 826 + (30 - -1)
60
What is the value of -3 - -40 - (93 + 27 - -26)?
-109
(14 - 9) + 7 - (5 + -12 - -54)
-35
(-53 - 12) + 62 + -16 + 1 - (6 - -1)
-25
Calculate 2 + (-23 - -18) + 3 - (-21 - -5).
16
Evaluate (1 - (6 + -2)) + (-5160 - -5090).
-73
Calculate (137 - 13) + -8 + (-11 - (8 + -14)).
111
Calculate 14 + -20 + -18 + 20 + 39.
35
Calculate 10 + (4 - 5 - -2) + 393 + -354.
50
What is the value of (0 - 11) + (88 - 283) + 192?
-14
Evaluate 52 + 29 + -118 - -56.
19
What is the value of (-64 - -49) + 23 - -66?
74
Calculate -11 + 1 - (10211 - 10125).
-96
What is the value of 23 + (-37 - -30) - (-14 + 7)?
23
Calculate -24 - -3 - (-42 - (-30 - -14)) - 11.
-6
-41 + 2 + (12 + -2 - ((-16 - 11) + 37))
-39
Calculate -3 + -5 + 90 + 3 + -97.
-12
Calculate 0 - (0 + -2 - 5) - (-1730 + 1725).
12
Calculate 58 + (-34 - 38) - (1 - (-1 + 15)).
-1
Evaluate -92 + 211 + -11 - 61.
47
What is (-83 - -70) + (1 + -1 - -10 - (-13 + 14))?
-4
-339 + 201 + (4 - -1 - -18) + -7
-122
Evaluate 58 + (-67 - 2) + -3 + (-2 - -5) + 57.
46
What is the value of -47 + (17 + -27 - -49)?
-8
1 - (-6 + 14) - 8 - (4 - -18)
-37
(-87 + 19 - -24 - -50) + (-120 - 0)
-114
-16 - (-35 - (10 + -38 - 23))
-32
2 - (1 + -2) - -94 - (-106 + (70 - -45))
88
What is the value of 5 - (1 + (9 - (0 - -4))) - (8 - -5)?
-14
Evaluate (5 + -34 - -64) + -22.
13
Calculate (-244 - -19) + 21 - -105.
-99
Evaluate (-492 - -553) + (0 - (0 + 2 + 7)) + 5.
57
What is the value of -52 + (5 - (-6 - 31))?
-10
Evaluate 15 - (-21 + (23 - (19 + (-19 - -14))) + 2).
25
-29 - (-83 + 35 - -36)
-17
Calculate -19 + (-1 - -10) + (80 - 64).
6
What is the value of (2 - (-8 - -3)) + -4 - (-80 + 121)?
-38
Calculate -11 - (1 - -1) - ((-35 - -20) + 13).
-11
Evaluate -1 - (26 + (-3 - -2)) - (1264 + -1268).
-22
-1304 + 1287 + 0 + 49
32
What is the value of 167 - (88 + 8 + 13)?
58
Calculate 37 + 0 - (38 - (-46 + 88)).
41
What is the value of (-16 - -2 - (0 - 0)) + -41 + 14?
-41
What is -1 - 0 - 1 - (56 + -109 + 56) - -50?
45
-4 + 1 + 47 + 7 - (0 - -19)
32
What is 74 + (81 - 148) + (-19 - 0) - 12?
-24
Evaluate (-4 - (-21 - -7)) + -13 + 5 - -70.
72
Evaluate (0 + -4 - (18 + -33)) + 29 + -13 + 35.
62
What is 111 + -8 + -134 + (0 - 28)?
-59
What is (1 + 1 - 9) + 1911 + -1897?
7
What is -46 + 23 + 48 + -37?
-12
-39 + (50 - 38) + (61 - 2)
32
Calculate (4 - 3) + -15 - (323 + -343) - (1 - 91).
96
Calculate 10 + -42 + -12 - (-3 + 6).
-47
What is -15 - (-5 - (-5 + -13 + (-14 - -4) + 19))?
-19
What is (83 - (102 - (6 + 41))) + (-14 - 0)?
14
What is the value of (-67 + 107 - 109) + 10?
-59
What is -59 + 366 + -383 + 0 + 11 + 15?
-50
(39 - 39 - (-3 + -1) - (75 - 80)) + -16
-7
What is -54 + ((70 - 77) + -3 + 18 - 22)?
-68
(-40 + 36 - -52) + -64
-16
8 + 13 + (-14 - -9) + -15
1
What is the value of -9 + -58 + (-55 - -86)?
-36
What is 2 + -18 - -54 - 29 - (0 - 93)?
102
2 + 3 + 4 + 9 + -23 + -6 - 6
-17
What is the value of (36 - 5) + -21 - (0 + 1) - 13?
-4
What is the value of 20 + -89 + (-17 - (9 - 37) - 5)?
-63
What is the value of -63 - (-2 - (19 - -78))?
36
What is 47 + 6 + -36 + 2?
19
Evaluate -69 + (9 + -19 - -104).
25
Calculate (39 - 40) + 8 + -15 + 1 + 34 + 1.
28
What is the value of -26 + 19 + (-55 - (-22 - 4))?
-36
What is 20 - (-26 - -39 - -63)?
-56
Evaluate -1 - -12 - ((-46 - (-2 - 1)) + 40).
14
Calculate -40 + 19 + (-27 - -11) + 23.
